hen 22 is divided by (-1*(g + -18))/2.
6
Let q = 50 - 47. Suppose 110 = 4*u + u. What is the remainder when (q - -56) + 0 + 4 is divided by u?
19
Suppose 7*c + 1 = 6*c - 4*z, -2*c + 13 = 3*z. Calculate the remainder when 181 is divided by c.
5
Let m(v) = v**2 + v. Let n be m(0). Suppose n = -3*h + 32 + 43. Calculate the remainder when 73 is divided by h.
23
Let s = -111 + 213. Calculate the remainder when s is divided by 29.
15
Suppose -23*m = -18*m - 220. Suppose 0 = -0*a + 3*a - 30. Calculate the remainder when ((-297)/m)/((-3)/8) is divided by a.
8
Calculate the remainder when 2/(-13) - 678/(-13) is divided by 32.
20
Let p = 1 - -6. Let r = -2 + p. Calculate the remainder when r is divided by 6/(-9)*(-6 - 0).
1
Let z be 1/4 - (-8)/(-32). Suppose -2*g + z*f = -4*f - 24, 0 = 3*g + 2*f - 76. Calculate the remainder when 64 is divided by g.
20
Let i(d) = 1. Let u(b) = 2*b + 41. Let m(t) = -4*i(t) + u(t). Calculate the remainder when 11 is divided by m(-15).
4
Let x = -47 + 54. Suppose -2*m = -x*m + 365. What is the remainder when m is divided by 37?
36
Let h be 2 - -186 - (0 - 2). Let r = -77 - -188. Let m = h - r. Calculate the remainder when m is divided by 20.
19
Let x be (-7)/21*-1*12. What is the remainder when 50 is divided by 102/x - (-4)/8?
24
Suppose r - 28 = -2*d - 11, 3*r - 57 = -4*d. Let l be (-3 - -50*1)*1. Suppose -l = -2*n + 131. Calculate the remainder when n is divided by r.
20
Suppose 2*n = -n - 5*q + 194, 253 = 4*n + q. Suppose 0*p + 21 = 2*u - 3*p, 5*u - n = 4*p. Calculate the remainder when 39 is divided by 51/5 - 3/u.
9
Suppose 3*u = -2*v + 33, -5*u + 25 = 40. Calculate the remainder when 418 is divided by v.
19
Let y be (-2 + 6/4)/(6/(-24)). Suppose y*n - 2*d - 17 - 51 = 0, d - 136 = -4*n. Calculate the remainder when 65 is divided by n.
31
Let h(y) = y**3 - 7*y**2 - 7*y - 9. Let u be h(8). What is the remainder when 39 is divided by u + (-6)/(-8) + 356/16?
17
Let c be (-2)/3 + 1388/3. Suppose -9*f - 2*f = -c. Calculate the remainder when f is divided by 9.
6
Suppose 3*j - 5*m = 4*j - 27, -28 = -4*j - 4*m. Suppose -2*d + j = -2. Calculate the remainder when 25 is divided by 15 - 0 - d/2.
11
Let f = 254 - 152. What is the remainder when f is divided by 26?
24
Let r = -293 - -307. What is the remainder when 17 is divided by r?
3
Suppose -13 = -q - 2. Suppose 13*x - 20 = q*x. Calculate the remainder when 12*1*27/12 is divided by x.
7
Suppose 0 = -5*f + a + 433 - 310, -5*f + 2*a = -121. Let b(c) = -c**3 + 4*c**2 + 6*c + 2. Calculate the remainder when f is divided by b(5).
4
Let x(b) = 8*b**2 + 129. Calculate the remainder when x(0) is divided by 10.
9
Suppose 39*z + 595 = 46*z. Calculate the remainder when z is divided by 44.
41
Suppose 36*l = 32*l - 4, 4*i = -5*l + 735. Calculate the remainder when i is divided by 27.
23
Let s(u) = -3*u**2 + 7*u + 4. Let i be s(3). Let p = 93 - i. What is the remainder when p is divided by 24?
23
Let t(v) = 5*v**2 - 3*v + 4. Let y be t(3). Let x = -25 + y. Calculate the remainder when 42 is divided by x.
12
Suppose -a - h + 323 = 0, -16*a + 1635 = -11*a + h. Calculate the remainder when a is divided by 86.
70
Let x(v) = 2*v - 8 - v + v**2 + 4*v. Let s be x(-7). What is the remainder when 49 is divided by s/(-39) + (-342)/(-26)?
10
Let v be -5 - (-8 - 1) - -3. Suppose -v*u = -0*u - 133. What is the remainder when 92 is divided by u?
16
Let j = 101 + -36. Suppose 2*u - 22 = u. What is the remainder when j is divided by (u/(-5))/((-1)/5)?
21
Calculate the remainder when 6 - 4 - -1 - (-374 + -8) is divided by 65.
60
Suppose 5*q + f + 3*f = 1189, 5*f - 242 = -q. Calculate the remainder when q is divided by 15.
12
Let k = -264 + 270. Suppose -b + f - 5 = -18, -f = 3*b - 23. What is the remainder when 73 is divided by (b/k - 1)*50?
23
Let g(w) = 3*w + 94. Calculate the remainder when g(-22) is divided by 14.
0
Suppose -2*r + 4 = -6. Suppose 0 = r*h + 10, -102 = -3*s + 3*h - 0*h. Let a = -158 + 169. Calculate the remainder when s is divided by a.
10
Let a(i) = -i**3 - 6*i**2 - 3*i + 13. Let f be a(-5). Suppose -o + f = -57. Calculate the remainder when o is divided by 25.
10
Suppose y = 4*y - 5*s - 158, 0 = 4*y + 4*s - 168. Calculate the remainder when 118 is divided by y.
26
Let z(n) = -4*n - 28. Suppose -2*a = -a - 70. Suppose 0 = -2*x - 3*x + a. What is the remainder when x is divided by z(-8)?
2
Suppose 0*m = -4*m + 16. Suppose u + m = 26. Suppose 0 = 3*c - c - 16. What is the remainder when u is divided by c?
6
Let t be -3*-1*6/9. Suppose -4*k - 20 = 0, 4*s + 4*k + 20 = t*s. What is the remainder when 48 - -3*(s + -1) is divided by 12?
9
Let n(w) = -52 + 24 + 31 + 8*w. Suppose 2*r - 4 + 0 = -4*k, -5*r = 0. What is the remainder when n(0) is divided by k?
0
Let i(c) = -4*c**2 + 2. Let u be i(-2). Let j = u - -27. What is the remainder when 36 is divided by j?
10
Let r(x) = -8*x**3 - 73*x**2 - 10*x + 22. Calculate the remainder when 142 is divided by r(-9).
18
Let m = -7 - -18. Suppose -440 = 63*p - 15560. What is the remainder when p is divided by m?
9
Suppose 4*q - 130 = -3*k, 2*q + 53*k - 55*k - 72 = 0. Calculate the remainder when 200 is divided by q.
30
Let t = 9 + -7. Let n be 3/t*(-20)/(-6). Suppose 3*p = -p - n*j + 48, -9 = -p - 2*j. Calculate the remainder when 66 is divided by p.
15
Suppose -n + 88 = 15. Calculate the remainder when 116 is divided by n.
43
Let y(n) = 52*n**2 - 27*n - 37. What is the remainder when y(-6) is divided by 14?
9
Suppose 11*h = 10*h + 37. What is the remainder when 406 is divided by h?
36
Let f(d) = -d**3 + 9*d**2 + 25*d - 11. What is the remainder when 65 is divided by f(11)?
21
Let u be (-11)/4*2*-2. Suppose 3*i - 35 = -u. Calculate the remainder when 49 is divided by 151/9 + i/36.
15
Let b be (4/2)/((-35)/(-17) + -2). Suppose -38 = -3*j + b. What is the remainder when j is divided by 5?
4
Suppose 2*p - 92 = 4*k - k, 5*k - 100 = -3*p. Calculate the remainder when p is divided by 25.
15
Suppose 8*u + 52 = 12*u. Let x = -43 + 81. What is the remainder when x is divided by u?
12
Let s(m) = 2*m + 9. Let z be s(5). Suppose -9 = -2*h + z. Suppose -52 = -3*a + 2*r, -2*r = 2*a - h - 14. Calculate the remainder when 30 is divided by a.
14
Suppose 4*x - 1141 = -g, 2*x + 8*g - 4*g = 588. Calculate the remainder when x is divided by 48.
44
Let l(m) = m**2 + 6*m - 4. Calculate the remainder when l(5) is divided by 9.
6
Let n = 665 + -615. Calculate the remainder when 598 is divided by n.
48
Let v(m) = -10*m - 25. What is the remainder when 2/(0 - 2/(-38)) is divided by v(-3)?
3
Let f(s) = 8*s**2 - 4*s - 2. Let l be f(-3). Let r = 196 - l. Let y = r - 66. What is the remainder when y is divided by 17?
14
Let r(y) = 8*y - 1. Let a = -55 + 58. Calculate the remainder when r(1) is divided by a.
1
Suppose 0 = -2*r + 5*b + 40, -19 = -2*r + 4*b + 17. Calculate the remainder when 39 is divided by r.
9
Let i = -69 + 73. What is the remainder when -2 - -21*1 - (-12)/i is divided by 12?
10
Let x = -308 - -335. Calculate the remainder when x is divided by 16.
11
Suppose 5*k - 10 = -5*g, -3*g + 2*g = 4*k + 7. Suppose -3*f - 6 = -o, 3*f + g*o = 4*o - 6. Calculate the remainder when 42 is divided by 4/4 + f + 12.
9
Suppose 4*h = 8*h - 384. Let q = 62 - 124. Let b = h + q. What is the remainder when b is divided by 12?
10
Let k(a) = a**3 - 2*a**2 + 249. What is the remainder when k(0) is divided by 18?
15
Let t(l) = 2*l**3 + 8*l**2 + 5*l + 2. Let m be t(-3). Suppose -m*d + 212 = -48. Calculate the remainder when d is divided by 29.
23
Let o = -1108 - -1151. What is the remainder when 427 is divided by o?
40
Suppose 48 = w + 3*n - 39, 0 = -2*w + 3*n + 183. What is the remainder when w is divided by 13?
12
Let t(g) = 2*g**3 - g + 3. Let n be (-18)/(-4)*(-16)/(-24). Let o be t(n). Suppose -4*w = -o - 50. Calculate the remainder when 76 is divided by w.
24
Let r(s) = -s**3 + 34*s**2 - 34*s + 43. What is the remainder when 47 is divided by r(33)?
7
Calculate the remainder when 44 is divided by 234/8 - 10/(200/(-15)).
14
Let z(p) = p**3 - 26*p**2 + 31*p - 52. Calculate the remainder when z(25) is divided by 8.
2
Let w(r) be the second derivative of 0 - 3*r**2 - 19/6*r**3 - 6*r. Calculate the remainder when w(-4) is divided by 18.
16
Suppose -2*y + 56 = -26. What is the remainder when y 